er when 60683 is divided by 138?
101
What is the remainder when 1348 is divided by 11?
6
Calculate the remainder when 19007 is divided by 1460.
27
What is the remainder when 152696 is divided by 202?
186
Calculate the remainder when 38920 is divided by 38909.
11
Calculate the remainder when 16873 is divided by 174.
169
Calculate the remainder when 9495 is divided by 202.
1
What is the remainder when 750460 is divided by 454?
452
Calculate the remainder when 821597 is divided by 41.
39
Calculate the remainder when 18022 is divided by 6001.
19
Calculate the remainder when 9991 is divided by 616.
135
Calculate the remainder when 12540 is divided by 55.
0
What is the remainder when 40917 is divided by 314?
97
Calculate the remainder when 38721 is divided by 53.
31
Calculate the remainder when 32213 is divided by 4.
1
What is the remainder when 738663 is divided by 124?
119
What is the remainder when 3380 is divided by 21?
20
What is the remainder when 1144 is divided by 264?
88
Calculate the remainder when 70548 is divided by 139.
75
Calculate the remainder when 28922 is divided by 28806.
116
Calculate the remainder when 5283 is divided by 106.
89
Calculate the remainder when 106573 is divided by 148.
13
What is the remainder when 44686 is divided by 69?
43
Calculate the remainder when 7347 is divided by 3627.
93
What is the remainder when 10904 is divided by 76?
36
Calculate the remainder when 2902 is divided by 290.
2
Calculate the remainder when 4810 is divided by 14.
8
What is the remainder when 1217009 is divided by 357?
353
Calculate the remainder when 2157 is divided by 12.
9
What is the remainder when 9495 is divided by 82?
65
Calculate the remainder when 5526 is divided by 63.
45
Calculate the remainder when 13663 is divided by 319.
265
Calculate the remainder when 25529 is divided by 2102.
305
Calculate the remainder when 2835 is divided by 281.
25
Calculate the remainder when 26923 is divided by 458.
359
What is the remainder when 11350 is divided by 37?
28
What is the remainder when 179453 is divided by 1471?
1462
Calculate the remainder when 2631 is divided by 503.
116
Calculate the remainder when 11481 is divided by 674.
23
Calculate the remainder when 2462967 is divided by 551.
548
What is the remainder when 10498 is divided by 35?
33
What is the remainder when 370 is divided by 22?
18
Calculate the remainder when 465 is divided by 237.
228
Calculate the remainder when 172256 is divided by 201.
200
Calculate the remainder when 3989 is divided by 364.
349
What is the remainder when 11696 is divided by 2900?
96
What is the remainder when 232465 is divided by 981?
949
Calculate the remainder when 1557 is divided by 235.
147
What is the remainder when 7143 is divided by 3493?
157
What is the remainder when 6985 is divided by 318?
307
What is the remainder when 96293 is divided by 96275?
18
Calculate the remainder when 20487 is divided by 211.
20
Calculate the remainder when 18816 is divided by 9390.
36
What is the remainder when 27245 is divided by 524?
521
Calculate the remainder when 15654 is divided by 7783.
88
What is the remainder when 949485 is divided by 141?
132
What is the remainder when 45396 is divided by 40?
36
Calculate the remainder when 40083 is divided by 406.
295
What is the remainder when 2173 is divided by 66?
61
Calculate the remainder when 4397 is divided by 162.
23
Calculate the remainder when 15787 is divided by 576.
235
What is the remainder when 2473 is divided by 863?
747
Calculate the remainder when 599057 is divided by 23040.
17
What is the remainder when 2552 is divided by 1268?
16
Calculate the remainder when 3688 is divided by 66.
58
Calculate the remainder when 35806 is divided by 11928.
22
What is the remainder when 856311 is divided by 18?
15
What is the remainder when 255490 is divided by 1069?
1068
Calculate the remainder when 26154 is divided by 240.
234
What is the remainder when 80211 is divided by 87?
84
Calculate the remainder when 132428 is divided by 14689.
227
Calculate the remainder when 49527 is divided by 824.
87
Calculate the remainder when 3954 is divided by 48.
18
Calculate the remainder when 38303 is divided by 306.
53
What is the remainder when 158137 is divided by 26356?
1
Calculate the remainder when 14805 is divided by 337.
314
Calculate the remainder when 4892 is divided by 4666.
226
What is the remainder when 92582 is divided by 13220?
42
Calculate the remainder when 1454 is divided by 507.
440
What is the remainder when 35198 is divided by 1353?
20
Calculate the remainder when 62016 is divided by 20669.
9
Calculate the remainder when 3142 is divided by 763.
90
Calculate the remainder when 360 is divided by 105.
45
Calculate the remainder when 1137 is divided by 218.
47
Calculate the remainder when 242500 is divided by 3.
1
What is the remainder when 23997 is divided by 343?
330
What is the remainder when 3498 is divided by 1139?
81
Calculate the remainder when 91478 is divided by 15236.
62
What is the remainder when 4169 is divided by 3864?
305
What is the remainder when 55757 is divided by 146?
131
What is the remainder when 330 is divided by 116?
98
What is the remainder when 309433 is divided by 154714?
5
Calculate the remainder when 7419727 is divided by 337.
335
What is the remainder when 156894 is divided by 81?
78
What is the remainder when 393232 is divided by 421?
18
Calculate the remainder when 369674 is divided by 31.
30
Calculate the remainder when 10633 is divided by 30.
13
Calculate the remainder when 50760 is divided by 39.
21
Calculate the remainder when 90645 is divided by 936.
789
Calculate the remainder when 71723 is divided by 42.
29
What is the remainder when 409 is divided by 90?
49
Calculate the remainder when 85897 is divided by 22.
9
What is the remainder when 2368 is divided by 689?
301
Calculate the remainder when 63099 is divided by 10509.
45
What is the remainder when 365194 is divided by 55?
49
What is the remainder when 26411 is divided by 853?
821
Calculate the remainder when 4810 is divided by 2382.
46
Calculate the remainder when 83374 is divided by 12.
10
Calculate the remainder when 956474 is divided by 305.
299
Calculate the remainder when 58329 is divided by 49.
19
Calculate the remainder when 41657 is divided by 91.
70
What is the remainder when 430299 is divided by 272?
267
What is the remainder when 123980 is divided by 770?
10
What is the remainder when 77808 is divided by 25933?
9
Calculate the remainder when 60271 is divided by 701.
686
Calculate the remainder when 53609 is divided by 26761.
87
Calculate the remainder when 3993 is divided by 3272.
721
Calculate the remainder when 147078 is divided by 351.
9
Calculate the remainder when 27403 is divided by 3425.
3
What is the remainder when 2072 is divided by 101?
52
Calculate the remainder when 9309 is divided by 70.
69
What is the remainder when 32164 is divided by 19?
16
What is the remainder when 484 is divided by 152?
28
What is the remainder when 11672 is divided by 65?
37
What is the remainder when 7079 is divided by 15?
14
Calculate the remainder when 8982 is divided by 4490.
2
Calculate the remainder when 105427 is divided by 162.
127
Calculate the remainder when 8255 is divided by 7.
2
Calculate the remainder when 24371 is divided by 738.
17
What is the remainder when 2274 is divided by 1099?
76
Calculate the remainder when 7442 is divided by 365.
142
What is the remainder when 25407 is divided by 462?
459
Calculate the remainder when 6315 is divided by 1602.
1509
What is the remainder when 3283 is divided by 47?
40
What is the remainder when 16094 is divided by 16033?
61
What is the remainder when 38382 is divided by 10?
2
Calculate the remainder when 4867 is divided by 4610.
257
Calculate the remainder when 770415 is divided by 256802.
9
What is the remainder when 3405 is divided by 501?
399
What is the remainder when 5906570 is divided by 7?
5
What is the remainder when 28789 is divided by 720?
709
What is the remainder when 1058 is divided by 106?
104
What is the remainder when 847110 is divided by 1075?
10
Calculate the remainder when 24848 is divided by 50.
48
What is the remainder when 26204 is divided by 92?
76
What is the remainder when 954 is divided by 172?
94
W